4*q - 26*q**2 - 5*q - 10*q + 24. Let k = -18 + 4. What are the prime factors of m(k)?
2, 47
Suppose 0 = -6*r + 9*r. Suppose -3*p + 4*p = -5*f + 262, r = 4*f - 12. What are the prime factors of p?
13, 19
Let t be (-20)/(-110) - (-2286)/11. Let z(a) = a**3 - 14*a**2 + 17*a + 6. Let p be z(12). Let o = t + p. List the prime factors of o.
2, 5, 13
Let u(m) = m**3 + 2*m**2 + 2*m - 1. Let z be u(1). Suppose -y - 4*o = -143, -z*y - 4*o + 583 = o. What are the prime factors of y?
3, 7
List the prime factors of 2 + 2153/(-1 - (-3 + 1)).
5, 431
Let m(o) = 5873*o**2 - 331*o + 980. What are the prime factors of m(3)?
2, 11, 1201
Suppose -r - 2 = -11. Suppose r = x + 7. What are the prime factors of ((-28)/(-14))/((-144)/74 + x)?
37
Let d(z) = 3*z**3 + z**2 - 3*z - 3. Let b be d(-1). List the prime factors of ((-1)/(-2)*b)/((-2)/62).
31
Let r be (-80)/(-48) - 23/3. List the prime factors of 13 + r + 898 + 2.
907
Let k = -3542 + 14076. List the prime factors of k.
2, 23, 229
Suppose -14 = 3*x + 5*l, l - 2*l = x + 2. Suppose 4*q + 5*c = 7, -x*q - 7 = 4*c - 5*c. What are the prime factors of q*39/18*-3?
13
Suppose -5185*x + 5212*x - 388260 = 0. What are the prime factors of x?
2, 5, 719
Let y(o) be the first derivative of -o**4/4 + 38*o**3/3 - 19*o**2 - 19*o - 336. List the prime factors of y(36).
5, 241
Let i = -163 + 168. Suppose 4*k - 536 = 1124. Suppose -5*q + k = -q + 5*r, -i*r = -5*q + 575. List the prime factors of q.
2, 5, 11
Let x(j) = 3824*j**3 - 27*j**2 + 37*j + 28. List the prime factors of x(2).
2, 41, 373
Let c = -66 - -69. What are the prime factors of -36*-34*c/18?
2, 3, 17
Let s(k) = 20*k**2 + 13*k - 59. List the prime factors of s(-16).
23, 211
Suppose -6*f - 161 + 41 = 0. What are the prime factors of 270 - -5 - f/4?
2, 5, 7
Suppose 4*n = 16*i - 15*i + 56012, -12 = 3*i. List the prime factors of n.
2, 7001
Let s(b) = 26*b**2 - 68*b + 1115. List the prime factors of s(21).
19, 587
Let r be (-423)/4*40/(-15). Let i = 14 + r. What are the prime factors of i?
2, 37
Let t = -5134 - -8757. Suppose 0 = -4*u - 3*m + 432 + t, 5*m + 5025 = 5*u. List the prime factors of u.
2, 5, 101
Let o(r) = r**3 + 4*r**2 + 7*r + 15. Let j be o(-4). Let c(w) = 2*w**2 - 29*w - 140. What are the prime factors of c(j)?
5, 23
Suppose 0 = 4*q + 2*k + 8, 1 + 5 = -3*q - 5*k. Let g(r) = -2*r**3 - 4*r**2 - 2*r. Let p be g(q). List the prime factors of (214 + (3 - p))/1.
3, 71
Let i(z) = 1076*z**2 + 319*z - 1576. What are the prime factors of i(5)?
3, 997
Let i(h) = 15 - 4 + h**2 - 11*h + 10. Let x be i(9). Suppose 4*u - 264 = -x*t + 24, 2*t - 192 = -4*u. What are the prime factors of t?
2, 3
Let y(n) = 3*n**2 - 2*n - 30. Let p(o) = o**3 - 8*o**2 + 5*o + 55. Let c(k) = -2*p(k) - 5*y(k). Let q = 0 - 0. What are the prime factors of c(q)?
2, 5
Let n = -437 + 656. Suppose -n*m = -222*m + 402. What are the prime factors of m?
2, 67
Let r(x) = 2*x**3 - 29*x**2 - 11*x - 64. Let w be r(15). Suppose 0*s + 18 = -3*s. What are the prime factors of 4 + s/w*360/6?
2, 47
Let h(m) = m + 6. Let f be h(-19). Let j be f/26 + 367/2. Let r = -56 + j. List the prime factors of r.
127
Suppose 202*c - 273838 = -292*c + 1667088. List the prime factors of c.
3929
Let u(q) = -q**3 - 3*q**2 + 9. Let d be u(-4). Suppose -3*k + 35 = -d. Suppose 21*s + k = 23*s. What are the prime factors of s?
2, 5
Suppose -349401 = -92*o - 89869. List the prime factors of o.
7, 13, 31
Let u = -91 + 195. Suppose p = d + 63, d = 2*p - 24 - u. List the prime factors of p.
5, 13
Suppose 9*i + 429 = 42*i. Suppose 26*j - 4199 = i*j. List the prime factors of j.
17, 19
Let s(v) = 3*v**3 + v**2 - 12*v + 1. Let f be s(-4). Let g = f - -281. What are the prime factors of g?
2, 7, 11
Suppose 53*m = 348478 + 448954 - 144101. What are the prime factors of m?
3, 7, 587
Let z(c) = c**3 - 12*c**2 - 13*c + 15. Let h = 473 - 458. List the prime factors of z(h).
3, 5, 11
Let y = -21 - 289. Let h = y + 461. List the prime factors of h*1 - (-4 + 4).
151
Let g(k) = -46*k + 103*k - 38*k - 144. What are the prime factors of g(33)?
3, 7, 23
What are the prime factors of (38520/48)/(6/44)?
5, 11, 107
Let j be (-1)/(-5) + (-266)/(-70). Suppose 520 = -z + 3*z - 5*d, -3*z + j*d = -780. What are the prime factors of z?
2, 5, 13
Let n = 47 + -77. Let d = n + -9. What are the prime factors of (-6)/d - (-1259)/13?
97
Let z(i) = 49*i - 2. Let c be z(3). Let h(o) = 6*o + 67. Let d be h(-33). Let g = c - d. List the prime factors of g.
2, 3, 23
What are the prime factors of (536496/20)/(21/(1890/36))?
2, 3, 11177
Let w = -2718 - -5253. Suppose 24*v - 19089 = w. List the prime factors of v.
17, 53
Suppose 1131852 = 138*v + 177858. What are the prime factors of v?
31, 223
Suppose 27545 + 58990 = 15*w. What are the prime factors of w?
3, 641
Suppose 504086 + 199650 = 22*x. List the prime factors of x.
2, 11, 727
Suppose 918 = -12*m - 846. Let t = m + 202. What are the prime factors of t?
5, 11
Let t(x) = 78*x + 20. Let u be t(6). Suppose 3*r = 4*b - u, -3*b + 3*r + 366 = r. Let w = b - 68. What are the prime factors of w?
2, 3
Let a = 64 - 44. Suppose 4 = 2*r - a. Suppose -2384 = -r*h + 280. List the prime factors of h.
2, 3, 37
Suppose -546 + 6708 = 13*q. Let d = 492 - q. List the prime factors of d.
2, 3
Let v be 18/54 + (-22)/(-6). Let f = 55 - v. Suppose 0 = -h + 34 + f. List the prime factors of h.
5, 17
Let g = -16731 - -29019. What are the prime factors of g?
2, 3
Let y = -7 + 9. Suppose -y = -5*t + 68. List the prime factors of (24/t)/((-8)/(-56)).
2, 3
Let c be (3/(-6))/((-2)/(-96)). Let o = -130 - -132. What are the prime factors of (-86*3/c)/(o/24)?
3, 43
Suppose -m - 29*g + 26*g = -4257, 5*g - 21295 = -5*m. Suppose -17*t + m = -7*t. What are the prime factors of t?
2, 3, 71
Let k(i) = -29*i. Let q be k(1). Let o = -2507 - -2607. Let y = o + q. List the prime factors of y.
71
Suppose 4*i - 36 = i - 3*r, 3*r = i - 28. What are the prime factors of 5/((-10)/(-129))*i/12?
2, 43
Let u(x) = x**3 + 7*x - 7. Let d be u(8). Let b = -1573 + 1592. Suppose b*y - 3392 = -d. List the prime factors of y.
149
List the prime factors of (1 - 5/2)/(20605156/824208 - 25).
2, 3, 7, 223
Suppose 21 - 49 = -4*b. Let s(x) = -13*x**2 + 23*x - 65. Let w(a) = 19*a**2 - 34*a + 98. Let k(t) = b*s(t) + 5*w(t). List the prime factors of k(5).
2, 3, 5
Let p = -895 + 746. Suppose -b - 208 = 48. Let t = p - b. What are the prime factors of t?
107
Let c be 1/(30/(-51))*-10. Let l be -11 - (3*-1 + 2). Let f = l + c. List the prime factors of f.
7
Suppose -36*x + 37*x = -60. Let p be 2/(-3)*198/12. Let o = p - x. List the prime factors of o.
7
Suppose 2*s + 271971 = 12*w - s, 2*w - 2*s - 45324 = 0. List the prime factors of w.
3, 5, 1511
Let o(q) = 5*q - 28. Let m be o(6). Suppose m*t = -4*t - 264. Let l = t - -46. What are the prime factors of l?
2
Let v(y) = -6*y - 38. Suppose -3*w = 89 - 68. Let a be v(w). Let b(r) = 19*r + 29. What are the prime factors of b(a)?
3, 5, 7
List the prime factors of -6 + -16 + 144870/10.
5, 11, 263
Suppose -5655 = 27*p + 285. Let g = p + 372. What are the prime factors of g?
2, 19
Let n(t) = 3*t**2 + 27*t + 22. Let a be n(-10). Let l = a + -52. Suppose l = 4*i - z - 270, 2*i + 4*z - 348 = -3*i. List the prime factors of i.
2, 17
Let o(h) = -h**2 - 34*h + 76. Let y be o(-29). Let i = y - -278. List the prime factors of i.
499
Let b(u) = u**2 + u - 11. Let s be ((-104)/24 + 5)/((-4)/66). List the prime factors of b(s).
3, 11
Let k(w) = 3*w**2 + w - 2. Let n be k(4). Let a = n + -39. List the prime factors of (-13)/39*-15*a.
5, 11
Suppose 0 = 5*w + 4*j - 6404, -3*j - j - 5116 = -4*w. Suppose 3*k = -3, m - 4*k + 0*k - 11 = 0. Suppose 0 = -3*i - m*i + w. What are the prime factors of i?
2
Let w = -1120 - -1123. Let u be 801/6*2/3. Suppose w*r - 121 - u = 0. What are the prime factors of r?
2, 5, 7
Let f be 483/9 - (39/9)/(-13). Suppose 0*z = 2*z + 42. Let u = f + z. List the prime factors of u.
3, 11
Let v be 3*(35/15 - 0). Let k(o) = 7*o**2 + 15*o - 39. What are the prime factors of k(v)?
409
Let w(n) = 2*n**2 + 29*n + 9. Let p be w(-14). Let i(u) = -6*u**3 + 8*u**2 - 5*u - 10. What are the prime factors of i(p)?
5, 193
Suppose 47*f + 98 = 49*f. Let r = -103 + f. Let n = 35 - r. What are the prime factors of n?
89
Let c(p) = -54*p + 13. Let j(d) =